is the highest common factor of p and d?
11
Suppose 2*i + 2*x = 42, 32*x = 5*i + 33*x - 85. What is the highest common factor of i and 1?
1
Let b = 6 + -9. Let z = 1 - b. Calculate the greatest common divisor of 4 and z.
4
Let x = -116 + 189. What is the greatest common factor of 438 and x?
73
Let z be 1 + 1 - (-8 + -21). Let s = z - 28. Suppose 45 = 4*m - s. Calculate the greatest common divisor of m and 108.
12
Suppose 3*n + 10 = 4. Let l be 2 + (-3 - -62) - -3 - n. Calculate the highest common factor of 6 and l.
6
Let d be (-70)/665 - (-9390)/38. What is the highest common divisor of 39 and d?
13
Let g be (-291)/3*-2 + -2. What is the highest common divisor of 48 and g?
48
Let j = -6 + 11. Let n be (-17)/(-5) + (-2)/j. Suppose -173 = -n*u - 5*q, u = 2*u + 2*q - 59. What is the highest common divisor of u and 17?
17
Let u = 31 - 13. Let h(k) = 8*k**2 + 20*k - 120. Let b be h(5). Calculate the greatest common divisor of b and u.
18
Suppose 3*p + 38 = -5*b + 61, -p = 2*b - 7. Suppose 0 = 3*o - 5*o - 4. Let t be (0 - 0) + o/(-2). Calculate the greatest common factor of p and t.
1
Suppose 0 = 14*o - 0*o - 84. Let s be (-1 - 1)*o/(-3). Calculate the highest common factor of s and 4.
4
Suppose -4*c - 27 = -3*g, -c - 2*c - 9 = -g. Let m(w) = -w**2 + 10*w + 1. Let k be m(g). What is the greatest common divisor of k and 5?
5
Let k(z) be the second derivative of -z**3/3 + 6*z**2 - 6*z. Let d be k(-5). Calculate the highest common divisor of 11 and d.
11
Let d(a) = 61*a**2 + 6*a - 5. Let i be d(2). Let f be -73*(2 - 2 - -2). Let p = f + i. What is the highest common divisor of p and 35?
35
Suppose -o - o = -2*f + 420, 20 = 5*f. Let p = -136 - o. Let b = -99 - -113. Calculate the greatest common factor of p and b.
14
Let o = -25 + 26. Suppose -o = -2*v + 5. Let b be 1375/15 - 2/v. What is the highest common divisor of 13 and b?
13
Let y = -312 + 334. What is the highest common divisor of y and 242?
22
Suppose -4*c + c = 24. Let p(g) = -2 + g + 3*g - 4*g - g. Let h be p(c). What is the highest common factor of h and 66?
6
Suppose -4*w - 435 + 2047 = 3*x, -4*w + 3*x = -1612. What is the greatest common divisor of 62 and w?
31
Suppose -5*s = -3*x + 145, 114 = 2*x + 2*s - s. Let z = 260 - 123. Suppose 0 = -r - 5, -2*r - z + 17 = -5*n. What is the highest common divisor of n and x?
11
Let n(r) be the second derivative of r**4/12 - 7*r**3/6 - 5*r**2 + 7*r. Let w be n(9). Let x be (3 + -1)*90/9. What is the highest common factor of x and w?
4
Let o = 31 - 55. Let i = o - -37. Calculate the greatest common divisor of i and 104.
13
Let m(d) = 13*d**2 - 3*d + 2. Let n = -3 + 4. Let j be m(n). What is the greatest common divisor of 4 and j?
4
Let c(k) = 6*k**2 + 13*k - 12. Let a be c(1). Let v(o) = -8*o + 3. Let t be v(-4). Calculate the greatest common divisor of a and t.
7
Let c(o) be the second derivative of -4*o**3/3 - 45*o**2/2 - 9*o. Let f be c(-9). Calculate the highest common divisor of f and 18.
9
Suppose -4*m = 163 - 151. Let o = 27 - m. Calculate the highest common divisor of 20 and o.
10
Let k = 2 - -2. Let o be k*(-5)/((-20)/6). Let z be -3 - (-1 + 4 + -12). What is the highest common factor of z and o?
6
Suppose -y - g + 723 = 4*y, 4*y - 2*g = 570. Let x = -63 + 67. Let a be (-20)/(-1) + x + -2 + -4. Calculate the highest common factor of y and a.
18
Let c(k) = -k - 8. Let w be c(-11). Suppose w*d + 20 = 164. Suppose 30 = j + 4*j. What is the greatest common factor of d and j?
6
Let y(m) = 3*m**2 - 36*m - 245. Let l be y(-14). Calculate the greatest common divisor of l and 77.
77
Let z(o) = 2*o**3 - 5*o**2 - 3*o + 16. Let n be z(4). Calculate the highest common factor of 143 and n.
13
Let t be ((-63)/9)/((-2)/(-8)). Let f = 8 - t. Let i be (48/10 - -1) + (-1)/(-5). What is the highest common divisor of i and f?
6
Let r = 34 + -52. Let n = -17 - r. Let k = n + 8. What is the highest common factor of k and 45?
9
Let v be 2/21 + (-1040)/(-105). Let a(b) = b**3 + 6*b**2 - 4*b - 5. Let c be a(-5). Calculate the highest common divisor of v and c.
10
Let x be 2/10 - (-3)/(-15)*-334. Suppose 56 = -65*j + x*j. What is the greatest common factor of j and 14?
14
Let g be 3016/(-39)*((-21)/6 - -2). Calculate the highest common divisor of 58 and g.
58
Let z be (2/(-6))/(3/(-45)). Let b be 22/(484/165)*6. What is the greatest common divisor of b and z?
5
Suppose -41*z = -32*z - 4608. What is the greatest common factor of z and 16?
16
Suppose -56 = -4*r - 32. What is the highest common factor of r and 2?
2
Let d be 6/(-3)*(-9)/(-2). Let y = d - -13. Suppose -5*k + 3*k - 22 = -y*j, -4*j - 2*k + 2 = 0. Calculate the highest common factor of j and 27.
3
Let d(s) = 121*s**3 - s**2 + s. Let l be d(1). Suppose 2*p = -4*o + 4, o - 8 = p - 1. Let r be (-9 + -13)*2/p. Calculate the greatest common divisor of l and r.
11
Suppose -3*n + 0*s + 164 = -4*s, n + s - 43 = 0. Suppose n = 2*y + 2*v, y = 2*v + 12 + 12. What is the greatest common divisor of 8 and y?
8
Let z(h) = -16*h - 4. Let n be z(-9). Let d = 13 - 13. Let k be d - ((0 - -2) + -22). Calculate the greatest common divisor of k and n.
20
Let w = 12 - 12. Suppose w = 2*v - 25 + 9. Calculate the highest common factor of 112 and v.
8
Let r(u) = u**2 - 4*u - 13. Suppose -7 = -2*k + 3*o, 3*o - 1 = -4*k + 5*k. Let m be r(k). Calculate the greatest common divisor of 95 and m.
19
Let k(m) be the first derivative of m**3/3 + 4*m**2 + 15*m - 13. Let d be k(-14). Calculate the highest common divisor of 11 and d.
11
Suppose 48 = x + 2*g - 54, 5*x = g + 499. Suppose 39 = 2*h - 41. What is the greatest common factor of h and x?
20
Suppose -5856 = 25*u - 25056. Calculate the highest common factor of 12 and u.
12
Let i = -197 + 377. Let l be -6 - i/(-27) - (-86)/6. What is the greatest common factor of l and 105?
15
Let l = -25 + 37. Suppose v + l = 34. Let f be 158/v + 8/(-44). What is the greatest common divisor of 7 and f?
7
Suppose 9*h - 241 = 200. Let r(q) = -5*q - 8. Let f be r(-3). What is the greatest common divisor of f and h?
7
Suppose -14*w + 13*w = -3. Suppose g = i + 17, g + 3*i + 39 = w*g. Calculate the greatest common factor of 108 and g.
12
Let o(x) = 4*x**2 - 36*x - 3. Let k be o(15). Suppose k = 5*v + 7. Let d be 1*(-2 - -1)*-7. Calculate the greatest common divisor of d and v.
7
Let r(l) = -l + 55. Let n be r(0). Let i = 14 - 12. Let b be 3 + (-2 - -2) + i. What is the greatest common divisor of b and n?
5
Let a = 77 - 69. Calculate the highest common factor of a and 3.
1
Let a(w) = -w**3 + 3*w**2 + 3*w + 8. Let k be a(4). Suppose p + k = 5*p, -g = -3*p - 54. What is the greatest common factor of 38 and g?
19
Let j(w) = -7*w - 5*w + 4 - w**2 + 25. Let t be j(-11). Let p = 6 - -2. Calculate the highest common divisor of p and t.
8
Let g be (13/(-26))/(1/(-12)). Suppose -3*h - g = -36. Calculate the highest common divisor of 5 and h.
5
Suppose -u = u + 3*r - 550, 5*u - 1375 = -r. Suppose 0 = -5*m - 0*m + 1905. Let j be 4/(-10) + m/15. Calculate the greatest common divisor of j and u.
25
Let c = 10 - -17. Suppose -c*z - 100 = -32*z. What is the highest common divisor of z and 10?
10
Suppose 14 = 4*c - 6. Suppose -t - 56 = -6*t - 3*g, -4*t - c*g = -50. Calculate the greatest common factor of 4 and t.
2
Let p = -679 - -847. Calculate the greatest common divisor of p and 216.
24
Let p be -126*((-1)/(-3) + -1). Let g = -35 + p. Let v be ((20 + -6)/(-2))/(-5 - -4). Calculate the greatest common divisor of v and g.
7
Suppose -3*z + 7*r - 2*r = -6, 5*z - 4*r = 10. Suppose z*v + 4 = v. Let l be 27*(v + 10 + 3). What is the highest common factor of 27 and l?
27
Let p = -71 + 105. Suppose 3*f = -j - 103, 5*f + 29 = 4. Let m = 173 + j. What is the highest common factor of p and m?
17
Suppose 0*h - h + 24 = 5*y, -4*h = -y - 12. Suppose 2*d - 4*d + h = 0. Suppose 0*b + 48 = d*b. What is the highest common factor of 12 and b?
12
Let o(q) be the second derivative of -q**5/20 - 13*q**4/12 - 11*q**3/6 - 7*q**2/2 - 28*q. Let p be o(-13). Calculate the greatest common factor of p and 17.
17
Suppose 4*q = b - 90, q = -4*b - 4*q + 276. Let j be 0 - (-3)/(-6)*-37*2. What is the greatest common divisor of b and j?
37
Suppose 3*c - 60 - 64 = -5*w, -5*c + w = -244. What is the highest common divisor of c and 144?
48
Let k = 103 + -105. 